{"id":11419,"date":"2016-12-05T16:29:56","date_gmt":"2016-12-05T16:29:56","guid":{"rendered":"https:\/\/clany.vamtam.com\/?page_id=11419"},"modified":"2026-05-07T18:27:09","modified_gmt":"2026-05-07T18:27:09","slug":"home","status":"publish","type":"page","link":"https:\/\/www.legvarbazita.hu\/","title":{"rendered":"Home"},"content":{"rendered":"<div class=\"vgblk-rw-wrapper limit-wrapper\">\r\n<p>&nbsp;<\/p>\r\n<h2>R\u00f3lunk..<\/h2>\r\n<p>Sz\u00e1mtalan sz\u00fclinapi party (h\u00e1rom gyermek\u00fcnknek j\u00f3 n\u00e9h\u00e1nyat tartottunk \u00e9s j\u00f3 p\u00e1rra hivatalosak is voltunk) tapasztalat\u00e1b\u00f3l kiindulva csal\u00e1di v\u00e1llalkoz\u00e1sunk az otthoni sz\u00fclinapoz\u00e1st szeretn\u00e9 felejthetetlenn\u00e9 tenni \u00e9s megk\u00f6nny\u00edteni Megrendel\u0151ink sz\u00e1m\u00e1ra.<\/p>\r\n<p>A l\u00e9gv\u00e1raink, szigor\u00fa T\u00dcV min\u0151s\u00edt\u00e9ssel rendelkeznek, angol, csal\u00e1di manufakt\u00far\u00e1ban k\u00e9sz\u00fcltek, v\u00e1ltozatos kialak\u00edt\u00e1s\u00faak, gyerekek kedvencei. V\u00e1llalkoz\u00e1sunk ind\u00edt\u00e1sakor a kisl\u00e1nyoknak \u00e9s a kisfi\u00faknak is szerett\u00fcnk volna \u00f6r\u00f6met szerezni duplacs\u00faszd\u00e1s l\u00e9gv\u00e1rainkkal, az \u00f3ri\u00e1s cs\u00faszda beszerz\u00e9sekor pedig m\u00e1r a kicsit nagyobbakra is gondoltunk.<\/p>\r\n<p>Igyeksz\u00fcnk min\u00e9l rugalmasabban teljes\u00edteni Megrendel\u0151ink ig\u00e9nyeit, \u00edgy ak\u00e1r egy kora reggeli be\u00e1ll\u00edt\u00e1s is megoldhat\u00f3, hogy a kis \u00fcnnepelt meglepet\u00e9se m\u00e1r \u00e9bred\u00e9s ut\u00e1n ott pomp\u00e1zzon sz\u00e1m\u00e1ra. Amennyiben gyermeked is im\u00e1dja a lufikat, fel\u00e1r ellen\u00e9ben a l\u00e9gv\u00e1r belsej\u00e9t b\u00e9lelhetj\u00fck vel\u00fck.<\/p>\r\n<p>A l\u00e9gv\u00e1r mell\u00e9 ig\u00e9ny szerint fel\u00fcgyeletet is biztos\u00edtunk egyedi napid\u00edj ellen\u00e9ben.<\/p>\r\n<p>Seg\u00edts\u00e9g\u00fcnkre van kedves fot\u00f3s ismer\u0151s\u00fcnk, \u00edgy ha szeretn\u00e9tek az \u00fcnnepet maradand\u00f3v\u00e1 is var\u00e1zsolhatj\u00e1tok egy egy\u00f3r\u00e1s egyedi fot\u00f3z\u00e1ssal.<\/p>\r\n<p>K\u00e9rj\u00fck, hogy az aj\u00e1nlat k\u00e9r\u00e9s sor\u00e1n b\u00e1rmely egyedi ig\u00e9nyt jel\u00f6ljetek, mi azon lesz\u00fcnk, hogy minden k\u00edv\u00e1ns\u00e1g teljes\u00fclj\u00f6n.<\/p>\r\n<p><a href=\"https:\/\/www.legvarbazita.hu\/?page_id=18290\">Rendel\u00e9s, b\u00e9rl\u00e9s el\u0151tt felt\u00e9tlen\u00fcl olvasd el \u00e1ltal\u00e1nos szerz\u0151d\u00e9si felt\u00e9teleinket.<\/a><\/p>\r\n<p><img loading=\"lazy\" decoding=\"async\" title=\"Trampoline Kids Attraction Composition\" src=\"https:\/\/www.legvarbazita.hu\/wp-content\/uploads\/2020\/05\/32487-scaled.jpg\" sizes=\"auto, (max-width: 768px) 100vw, 100vw\" srcset=\"data:image\/svg+xml;utf8,&lt;svg%20xmlns=&quot;http:\/\/www.w3.org\/2000\/svg&quot;%20viewBox=&quot;0%200%202560%202048&quot;%20height=&quot;2048px&quot;%20width=&quot;2560px&quot;\/&gt;\" alt=\"Jumping trampolines composition with images of huge flow spreading hump and cartoon human characters of kids vector illustration\" width=\"2560\" height=\"2048\" data-srcset=\"https:\/\/www.legvarbazita.hu\/wp-content\/uploads\/2020\/05\/32487-scaled.jpg 2560w, https:\/\/www.legvarbazita.hu\/wp-content\/uploads\/2020\/05\/32487-300x240.jpg 300w, https:\/\/www.legvarbazita.hu\/wp-content\/uploads\/2020\/05\/32487-1024x819.jpg 1024w, https:\/\/www.legvarbazita.hu\/wp-content\/uploads\/2020\/05\/32487-768x614.jpg 768w, https:\/\/www.legvarbazita.hu\/wp-content\/uploads\/2020\/05\/32487-1536x1229.jpg 1536w, https:\/\/www.legvarbazita.hu\/wp-content\/uploads\/2020\/05\/32487-2048x1638.jpg 2048w, https:\/\/www.legvarbazita.hu\/wp-content\/uploads\/2020\/05\/32487-1260x1008.jpg 1260w, https:\/\/www.legvarbazita.hu\/wp-content\/uploads\/2020\/05\/32487-630x504.jpg 630w, https:\/\/www.legvarbazita.hu\/wp-content\/uploads\/2020\/05\/32487-420x336.jpg 420w, https:\/\/www.legvarbazita.hu\/wp-content\/uploads\/2020\/05\/32487-840x672.jpg 840w, https:\/\/www.legvarbazita.hu\/wp-content\/uploads\/2020\/05\/32487-315x252.jpg 315w\"><\/p>\r\n<h2>Szolg\u00e1ltat\u00e1sok<\/h2>\r\n<p><img loading=\"lazy\" decoding=\"async\" title=\"pngkey.com-castle-clipart-png-1055347\" src=\"https:\/\/www.legvarbazita.hu\/wp-content\/uploads\/2020\/05\/pngkey.com-castle-clipart-png-1055347-300x297.png\" sizes=\"auto, (max-width: 768px) 100vw, 100vw\" srcset=\"data:image\/svg+xml;utf8,&lt;svg%20xmlns=&quot;http:\/\/www.w3.org\/2000\/svg&quot;%20viewBox=&quot;0%200%20557%20552&quot;%20height=&quot;552px&quot;%20width=&quot;557px&quot;\/&gt;\" alt=\"pngkey.com-castle-clipart-png-1055347\" width=\"300\" height=\"297\" data-srcset=\"https:\/\/www.legvarbazita.hu\/wp-content\/uploads\/2020\/05\/pngkey.com-castle-clipart-png-1055347-300x297.png 300w, https:\/\/www.legvarbazita.hu\/wp-content\/uploads\/2020\/05\/pngkey.com-castle-clipart-png-1055347-150x150.png 150w, https:\/\/www.legvarbazita.hu\/wp-content\/uploads\/2020\/05\/pngkey.com-castle-clipart-png-1055347-420x416.png 420w, https:\/\/www.legvarbazita.hu\/wp-content\/uploads\/2020\/05\/pngkey.com-castle-clipart-png-1055347-315x312.png 315w, https:\/\/www.legvarbazita.hu\/wp-content\/uploads\/2020\/05\/pngkey.com-castle-clipart-png-1055347-100x100.png 100w, https:\/\/www.legvarbazita.hu\/wp-content\/uploads\/2020\/05\/pngkey.com-castle-clipart-png-1055347.png 557w\"> Helysz\u00ednre sz\u00e1ll\u00edt\u00e1s Zalaegerszegen bel\u00fcl ingyenes, Zalaegerszeg v\u00e1rosr\u00e9szeire, illetve egy\u00e9b telep\u00fcl\u00e9sekre, a telephelyt\u0151l sz\u00e1m\u00edtott km d\u00edj \u00e9rv\u00e9nyes. K\u00e9rj aj\u00e1nlatot<br>L\u00e9gv\u00e1r fel\u00e1ll\u00edt\u00e1sa, \u00fczembe helyez\u00e9se.<br>A nap v\u00e9g\u00e9n a l\u00e9gv\u00e1r fert\u0151tlen\u00edt\u00e9se, \u00f6sszeszerel\u00e9se.<br>K\u00fcl\u00f6n k\u00e9r\u00e9sre, egyedi sz\u00fclinapi fot\u00f3z\u00e1s a helysz\u00ednen.<br>K\u00e9rlek erre ig\u00e9ny\u00e9t, szint\u00e9n az aj\u00e1nlatk\u00e9r\u0151ben jelezd fel\u00e9nk.<\/p>\r\n<p>&nbsp;<\/p>\r\n<p><a role=\"button\" href=\"https:\/\/www.legvarbazita.hu\/?page_id=15841\" target=\"_self\" rel=\"noopener noreferrer\"> Ir\u00e1ny a l\u00e9gv\u00e1rakhoz <\/a><\/p>\r\n<\/div><!-- .vgblk-rw-wrapper -->","protected":false},"excerpt":{"rendered":"<p>&nbsp; R\u00f3lunk.. Sz\u00e1mtalan sz\u00fclinapi party (h\u00e1rom gyermek\u00fcnknek j\u00f3 n\u00e9h\u00e1nyat tartottunk \u00e9s j\u00f3 p\u00e1rra hivatalosak is voltunk) tapasztalat\u00e1b\u00f3l kiindulva csal\u00e1di v\u00e1llalkoz\u00e1sunk az otthoni sz\u00fclinapoz\u00e1st szeretn\u00e9 felejthetetlenn\u00e9 tenni \u00e9s megk\u00f6nny\u00edteni Megrendel\u0151ink sz\u00e1m\u00e1ra. A l\u00e9gv\u00e1raink, szigor\u00fa T\u00dcV min\u0151s\u00edt\u00e9ssel rendelkeznek, angol, csal\u00e1di manufakt\u00far\u00e1ban k\u00e9sz\u00fcltek, v\u00e1ltozatos kialak\u00edt\u00e1s\u00faak, gyerekek kedvencei. V\u00e1llalkoz\u00e1sunk ind\u00edt\u00e1sakor a kisl\u00e1nyoknak \u00e9s a kisfi\u00faknak is szerett\u00fcnk volna \u00f6r\u00f6met&#8230;<\/p>\n","protected":false},"author":3,"featured_media":0,"parent":0,"menu_order":0,"comment_status":"closed","ping_status":"closed","template":"","meta":{"ngg_post_thumbnail":0,"_monsterinsights_skip_tracking":false,"_monsterinsights_sitenote_active":false,"_monsterinsights_sitenote_note":"","_monsterinsights_sitenote_category":0,"footnotes":""},"class_list":["post-11419","page","type-page","status-publish","hentry"],"yoast_head":"<!-- This site is optimized with the Yoast SEO plugin v14.1 - https:\/\/yoast.com\/wordpress\/plugins\/seo\/ -->\n<title>Home - L\u00e9gv\u00e1rbazita<\/title>\n<meta name=\"robots\" content=\"index, follow\" \/>\n<meta name=\"googlebot\" content=\"index, follow, max-snippet:-1, max-image-preview:large, max-video-preview:-1\" \/>\n<meta name=\"bingbot\" content=\"index, follow, max-snippet:-1, max-image-preview:large, max-video-preview:-1\" \/>\n<link rel=\"canonical\" href=\"https:\/\/www.legvarbazita.hu\/\" \/>\n<meta property=\"og:locale\" content=\"hu_HU\" \/>\n<meta property=\"og:type\" content=\"article\" \/>\n<meta property=\"og:title\" content=\"Home - L\u00e9gv\u00e1rbazita\" \/>\n<meta property=\"og:description\" content=\"&nbsp; R\u00f3lunk.. Sz\u00e1mtalan sz\u00fclinapi party (h\u00e1rom gyermek\u00fcnknek j\u00f3 n\u00e9h\u00e1nyat tartottunk \u00e9s j\u00f3 p\u00e1rra hivatalosak is voltunk) tapasztalat\u00e1b\u00f3l kiindulva csal\u00e1di v\u00e1llalkoz\u00e1sunk az otthoni sz\u00fclinapoz\u00e1st szeretn\u00e9 felejthetetlenn\u00e9 tenni \u00e9s megk\u00f6nny\u00edteni Megrendel\u0151ink sz\u00e1m\u00e1ra. A l\u00e9gv\u00e1raink, szigor\u00fa T\u00dcV min\u0151s\u00edt\u00e9ssel rendelkeznek, angol, csal\u00e1di manufakt\u00far\u00e1ban k\u00e9sz\u00fcltek, v\u00e1ltozatos kialak\u00edt\u00e1s\u00faak, gyerekek kedvencei. V\u00e1llalkoz\u00e1sunk ind\u00edt\u00e1sakor a kisl\u00e1nyoknak \u00e9s a kisfi\u00faknak is szerett\u00fcnk volna \u00f6r\u00f6met...\" \/>\n<meta property=\"og:url\" content=\"https:\/\/www.legvarbazita.hu\/\" \/>\n<meta property=\"og:site_name\" content=\"L\u00e9gv\u00e1rbazita\" \/>\n<meta property=\"article:modified_time\" content=\"2026-05-07T18:27:09+00:00\" \/>\n<meta property=\"og:image\" content=\"https:\/\/www.legvarbazita.hu\/wp-content\/uploads\/2020\/05\/32487-scaled.jpg\" \/>\n<meta name=\"twitter:card\" content=\"summary_large_image\" \/>\n<script type=\"application\/ld+json\" class=\"yoast-schema-graph\">{\"@context\":\"https:\/\/schema.org\",\"@graph\":[{\"@type\":\"WebSite\",\"@id\":\"https:\/\/www.legvarbazita.hu\/#website\",\"url\":\"https:\/\/www.legvarbazita.hu\/\",\"name\":\"L\\u00e9gv\\u00e1rbazita\",\"description\":\"Sz\\u00fclinapra,n\\u00e9vnapra,b\\u00e1rmely alkalomra, b\\u00e1rmely napra..\",\"potentialAction\":[{\"@type\":\"SearchAction\",\"target\":\"https:\/\/www.legvarbazita.hu\/?s={search_term_string}\",\"query-input\":\"required name=search_term_string\"}],\"inLanguage\":\"hu\"},{\"@type\":\"ImageObject\",\"@id\":\"https:\/\/www.legvarbazita.hu\/#primaryimage\",\"inLanguage\":\"hu\",\"url\":\"https:\/\/www.legvarbazita.hu\/wp-content\/uploads\/2020\/05\/32487-scaled.jpg\",\"width\":2560,\"height\":2048,\"caption\":\"Jumping trampolines composition with images of huge flow spreading hump and cartoon human characters of kids vector illustration\"},{\"@type\":\"WebPage\",\"@id\":\"https:\/\/www.legvarbazita.hu\/#webpage\",\"url\":\"https:\/\/www.legvarbazita.hu\/\",\"name\":\"Home - L\\u00e9gv\\u00e1rbazita\",\"isPartOf\":{\"@id\":\"https:\/\/www.legvarbazita.hu\/#website\"},\"primaryImageOfPage\":{\"@id\":\"https:\/\/www.legvarbazita.hu\/#primaryimage\"},\"datePublished\":\"2016-12-05T16:29:56+00:00\",\"dateModified\":\"2026-05-07T18:27:09+00:00\",\"inLanguage\":\"hu\",\"potentialAction\":[{\"@type\":\"ReadAction\",\"target\":[\"https:\/\/www.legvarbazita.hu\/\"]}]}]}<\/script>\n<!-- \/ Yoast SEO plugin. -->","_links":{"self":[{"href":"https:\/\/www.legvarbazita.hu\/index.php?rest_route=\/wp\/v2\/pages\/11419","targetHints":{"allow":["GET"]}}],"collection":[{"href":"https:\/\/www.legvarbazita.hu\/index.php?rest_route=\/wp\/v2\/pages"}],"about":[{"href":"https:\/\/www.legvarbazita.hu\/index.php?rest_route=\/wp\/v2\/types\/page"}],"author":[{"embeddable":true,"href":"https:\/\/www.legvarbazita.hu\/index.php?rest_route=\/wp\/v2\/users\/3"}],"replies":[{"embeddable":true,"href":"https:\/\/www.legvarbazita.hu\/index.php?rest_route=%2Fwp%2Fv2%2Fcomments&post=11419"}],"version-history":[{"count":30,"href":"https:\/\/www.legvarbazita.hu\/index.php?rest_route=\/wp\/v2\/pages\/11419\/revisions"}],"predecessor-version":[{"id":987914,"href":"https:\/\/www.legvarbazita.hu\/index.php?rest_route=\/wp\/v2\/pages\/11419\/revisions\/987914"}],"wp:attachment":[{"href":"https:\/\/www.legvarbazita.hu\/index.php?rest_route=%2Fwp%2Fv2%2Fmedia&parent=11419"}],"curies":[{"name":"wp","href":"https:\/\/api.w.org\/{rel}","templated":true}]}}